se 2*c = -3*c. Suppose 2*z - 4*h + 1 - 13 = 0, c = -3*z + 5*h + 16. Let p(v) = -v**2 + 2 - v + z*v - 2 + 8*v**3. Give p(1).
8
Let y(j) be the second derivative of -1/6*j**3 + 1/4*j**4 + 1/2*j**2 + 2 - 21*j - 3/20*j**5. Determine y(2).
-13
Let z(d) = d - 19. Let f be z(19). Suppose 4*o - 7*o + 3 = f. Let c(b) = -6*b**2 + b. What is c(o)?
-5
Let i(h) = h**2 + 6*h - 4. Let s = -6 - -9. Suppose -7 = -s*w - 16. Let l be w - -1 - (-3)/(-1). Give i(l).
-9
Let u(h) = -h**2 + 8*h - 9. Let r(l) = l**2 - 9*l + 9. Let c(t) = -7*r(t) - 6*u(t). Give c(14).
5
Let x(y) = y**3 - 6*y**2. Let o be 8*(6/1 + 21/(-4)). What is x(o)?
0
Let t(g) = -43*g + 46*g - 1 - 4 + 0. Give t(4).
7
Let c be 13/5 - (-4)/10. Let n(v) = 0 + 2820*v + 2 - 2817*v. Calculate n(c).
11
Suppose -2*w = -6*w + 3*i + 5, -2*w = -4*i + 10. Let v(t) = 2*t - 7. What is v(w)?
3
Let h(q) = -60*q - 424. Let p be h(-7). Let z(g) = 2*g**2 + 3*g - 4. What is z(p)?
16
Let a(k) be the second derivative of -k**5/10 - 2*k**4/3 - k**3/3 + 5*k**2/2 - 123*k. Determine a(-5).
65
Let v = -44 + 57. Let w(f) = -16 - f**2 + 4 + v + 7*f. Determine w(6).
7
Let y = 56 - 52. Let b(x) = -x + 8. Let t be b(y). Let s(g) = -g. Give s(t).
-4
Let b(o) = -o**2 - 5*o + 2. Let z(u) = -u + 4. Suppose 0*k + 2*k - 5*a - 31 = 0, -47 = -4*k + 5*a. Let w be z(k). Determine b(w).
6
Suppose -3 + 1 = -2*x. Let q(r) = 18*r + 37. Let b be q(7). Let v(f) = -165*f**2 + 2*f + b*f**2 - 3*f. Calculate v(x).
-3
Let m(i) be the second derivative of i**5/120 + i**4/2 - 2*i**3 + 2*i + 3. Let u(n) be the second derivative of m(n). Give u(-9).
3
Let c(u) = u - 5. Let r be (-833)/(-49) + (-16)/2. What is c(r)?
4
Let f(h) = -h**3 + 4*h**2 - 3*h - 4. Let o be f(3). Let l = -104 - -106. Let t(u) = -1 - 98*u**2 + 35*u**2 + 36*u**2 + l*u + 28*u**2. Determine t(o).
7
Suppose 0*w - 158 = 2*m + 5*w, 5*m - w = -368. Let s = 72 + m. Let f(t) = -6*t + 2. Give f(s).
14
Let k(w) = w**3 - w + 1. Let c(x) = 3*x**3 + 6*x**2 + 3*x - 2. Let j(m) = c(m) - 2*k(m). Suppose 0 = 8*p - 11*p - 15. Determine j(p).
-4
Let k(x) = x - 1. Let t be 4/(0 + (3 - 4)). Let j be -4 + -1 + (4 - t). Give k(j).
2
Let r(v) = -v**2 - 2*v - 2 - 2 + v + 1. Let g(h) = -h. Let d(q) = -2*g(q) + r(q). Determine d(0).
-3
Suppose 5*v = 5*d - 4*d + 8, -3*v + 15 = -4*d. Let p(i) = 25*i - 1. Determine p(v).
24
Let g(x) = 3*x - 14. Let w be g(6). Let m(i) = 3*i - 4. Calculate m(w).
8
Let o(l) = 3*l + 16. Let a be (-6)/((-2)/((-32)/12)). Let r(t) = 2*t + 11. Let m(p) = a*r(p) + 5*o(p). Give m(-6).
-2
Let a(y) = 1704 - 3*y - 1704. Let m be ((-3 + 0)/(18/12))/2. Give a(m).
3
Suppose -m + 15 = 2*k, -2*m + 3*k - 48 = -5*m. Let s(z) = 5*z + 1 + m*z - 18*z - z**2. Suppose -4*d + 38 = 3*n, 0*d + 23 = 3*n + d. Determine s(n).
-11
Let f(g) = g**2 + g - 2. Let n(w) = -w**2 + 1. Let t(x) = 3*x**2 + 15*x - 4. Let o(s) = 4*n(s) + t(s). Let p be o(15). Determine f(p).
-2
Suppose 4*y + 2*w - 60 = -w, -2*y - w + 32 = 0. Let f(v) = -y - v + 9 + 0 + 10. Give f(5).
-4
Let i = 619 - 616. Let k(b) be the first derivative of b**5/20 - b**4/4 - b**3/2 + b**2 + b + 1. Let j(o) be the first derivative of k(o). Calculate j(i).
-7
Let j(o) = -o**3 + 7*o**2 - 5*o - 8. Suppose 4 = 4*n - 2*n + 5*z, -5*n + 4*z = 56. Let q = 8 + n. Suppose q = -5*s + 4*g + 34, 27 = 4*s + 5*g + 8. What is j(s)?
-2
Let d(h) = -h**3 + 5*h**2 + 4*h + 8. Let r(t) = -t. Suppose 5*f - 28 = -l + 4*l, 4*l + 5*f + 14 = 0. Let n be r(l). Calculate d(n).
-4
Let c(l) = 8*l - 175. Let f be c(21). Let i(q) = -3*q - 8. What is i(f)?
13
Let z(y) = y**3 - 13*y**2 - 30*y - 5. Suppose -55 = -2*u - 5*s, u - 3*s - 25 = -5*s. Give z(u).
-5
Let d(s) be the third derivative of -s**6/120 - s**5/10 + s**4/3 + 3*s**3/2 + s**2 + 3*s. Calculate d(-7).
2
Let v(d) be the third derivative of -d**9/60480 - d**8/20160 + d**7/2520 + 2*d**5/15 - 28*d**2. Let n(l) be the third derivative of v(l). What is n(-2)?
0
Let h(o) be the second derivative of -4*o**4/3 + o**2/2 + 218*o + 2. Determine h(1).
-15
Let m = -288 + 297. Let w(b) = -b**3 + 9*b**2 + 2*b + 1. What is w(m)?
19
Let h(u) = 16*u**2 + 6*u**2 + 4 + 2*u - 3 - u - 19*u**2. Calculate h(-1).
3
Let h(v) be the third derivative of -v**6/120 + v**5/60 + 7*v**3/3 - 422*v**2. Suppose t - 6*z + 3*z - 3 = 0, -5*z = -t + 5. What is h(t)?
14
Suppose 3*b = -27 - 18. Let v be 24/b*5/(-1). Suppose g = -g + v. Let c(w) = w**2 - 3*w - 3. Give c(g).
1
Let k(z) = -10*z - 5. Let r(m) = m + 1. Let l(a) = -k(a) - 6*r(a). Let b(x) = -x**2 + 2*x + 58. Let u be b(0). Let d = -54 + u. What is l(d)?
15
Let f(l) = -l - 14. Let d(b) = -b - 7. Let h(x) = -5*d(x) + 3*f(x). Give h(6).
5
Let j(o) be the second derivative of 5/2*o**2 + o**3 + 0 + 6*o + 1/3*o**4 - 1/20*o**5. Suppose -87 = -2*x - 77. Calculate j(x).
10
Let l be (-10)/35*7*-1. Let j be l + -2 - (-9 - -7). Let s(g) = 2*g**3 - g**2 - 1. Determine s(j).
11
Let u(o) be the first derivative of -o**6/360 - o**5/40 + 5*o**4/24 - 3*o**3 + 7. Let c(b) be the third derivative of u(b). Determine c(-6).
-13
Let q be (-12)/2 - (-1)/(-1). Suppose 6*k - 28 = 2*k. Let d(g) = 5*g**2 + 0*g**2 - k*g - 5 - g - 6*g**2. Determine d(q).
2
Suppose -4*w + 54 = -w. Suppose 4*s + w = 10*s. Let v(m) = 0 + s + 7*m**2 - 4 + 5*m**2. Calculate v(1).
11
Suppose 0 = -f + 3*f - 8. Suppose f*d - 16 - 10 = -2*o, 5*d = 2*o + 10. Let h(t) = 2*t - 4. Calculate h(o).
6
Suppose 5*c = -3*l + 48 + 11, -38 = -5*c + 4*l. Let d(j) = -j**3 + 4 + c*j**2 + 1 - 6*j**2. Determine d(4).
5
Let k(d) = -d**3 - 9*d**2 + 9*d - 14. Let x be k(-10). Let j(p) be the first derivative of -5*p**2/2 + 315. Calculate j(x).
20
Let t(q) = -4*q + 4. Let i = -94 + 90. Let d(o) = -5*o + 4. Let r(a) = i*t(a) + 3*d(a). Calculate r(3).
-1
Let y(j) be the first derivative of j**3/3 - 13*j**2/2 + 10*j + 204. What is y(10)?
-20
Let h be 0/(-1 + 0/(-2)). Let f = 10 + -6. Let d(k) = f + 7 + 2 - k**2 - k**3. Determine d(h).
13
Let b(p) = 2*p - 9 - 4*p + 10. Let u(v) = v**3 - 7*v**2 - 3*v + 24. Let o be u(7). Give b(o).
-5
Let a(h) = -h**3 + 8*h**2 + 8. Suppose -10 = -14*c + 19*c. Let b be 0 + 10/5 + (4 - c). What is a(b)?
8
Let z = 78 - 82. Let x(k) = 7*k + 1. What is x(z)?
-27
Let m(l) = -7*l + 14. Suppose g + 0 + 1 = w, 4*w - 3 = 5*g. What is m(w)?
0
Let x(j) = 9*j**2 + 327 - 328 + 2*j**2. Suppose -7 + 1 = 3*z. Let d be (z/(-3))/((-6)/(-9)). Calculate x(d).
10
Suppose 340*d - 328*d + 60 = 0. Let z(p) = 13*p**3 + 11*p**2 - 4*p - 1. Let g(n) = -3*n**3 - 3*n**2 + n. Let l(f) = -9*g(f) - 2*z(f). What is l(d)?
7
Let n(c) be the third derivative of c**5/60 + 19*c**2. Let k(p) = -3*p**2 + 7*p + 1. Let f(m) = -k(m) - 4*n(m). Give f(-6).
5
Let a(w) = -w**3 - 6*w**2 - 8*w - 7. Suppose -3 - 47 = 5*x - 5*p, 3*p = 4*x + 35. Calculate a(x).
8
Let x(g) = -45 + 2*g + 0*g - 7*g - 25. Let t be x(-14). Let j(a) = 0 + a + a**3 - 1 + a**2 - 8. What is j(t)?
-9
Let g(h) = -h + 3. Let b(x) = x - 3. Let t(p) = 6*b(p) + 7*g(p). Let a(s) = -s + 15. Suppose 6*z = 2*z + 32. Let f be a(z). What is t(f)?
-4
Let o(w) = w**2 - 4*w - 11. Let d be 3 + (-40)/5 + 11. Calculate o(d).
1
Let t(c) = 2*c. Let x be t(2). Let u(s) = -s**3 - 3*s - x - 4*s**2 + 4. Let i = -200 - -198. Give u(i).
-2
Suppose 0 = -4*u - s + 2381, -s - 319 - 275 = -u. Let j(n) = -2 + 4 - 597*n + u*n. Determine j(3).
-4
Let k(d) = 6*d**3. Suppose 4*s = -5*t + 25, 5*s - 5*t = -8 + 28. Suppose -2*g = -s*g - 12. Let p be g/(-6) - (-30)/(-18). Give k(p).
-6
Let l(t) = -1 - 5*t - 2*t + t + 4*t + 4*t**2. What is l(-2)?
19
Let r(s) = -3*s + 9. Suppose -2*v - 8 = -3*y, -2*y - 2 = -5*y + 5*v. Let d be (-2)/(y - 14/3). Suppose 2*i - d*m - 16 = m, -4*i = 4*m - 20. Calculate r(i).
-9
Let h(b) = -b**2 + 4*b + 3. Let n be h(4). Let j(c) be the first derivative of -c**4/4 + 4*c**3/3 - c**2 - 4*c - 4511. Give j(n).
-1
Let s be ((-109)/(-109))/((-1)/5). Let d(j) = 0*j - 2 + j - 1. What is d(s)?
-8
Let b(s) = 2*s**2 - 23*s + 24. Let i be b(10). Let z(c) = -7*c**2 - 16*c - 16. Let p(t) = -3*t**2 - 8*t - 8. Let d(f) = 5*p(f) - 2*z(f). Calculate d(i).
4
Let r(i) be the first derivative of i**4 + i**2 + 234. What is r(-2)?
-36
Let t(l) be the first derivative of -l**2/2 - 10*l + 233. Give t(-8).
-2
Let u(l) = 5*l - 1. Let h = -77 - -78. Suppose -3 - h = 4*k. Give u(k).
-6
Let t(q) = -8 - 8 + 23 + q. What is t(-10)?
-3
Suppose 2*a = -21 + 25. Let g be 1/(a/20)